Let x(z) = 46*z**2 - 349*z + 269. Let b be x(37). Calculate the highest common divisor of b and 70.
70
Suppose -4*l + 24 = -5*m, 2*l = -l + m + 29. Suppose -x + 0 = -5*c - l, 4*x + 4*c = 68. Calculate the highest common divisor of 176 and x.
16
Suppose -1960 = -6*l - 7*l - 7*l. Suppose 5*z + 0*j = -3*j + 5378, -5*z - 2*j + 5382 = 0. Calculate the greatest common factor of z and l.
98
Let k(p) = 4*p**2 - 235*p + 251. Let x be k(93). Calculate the greatest common divisor of x and 224.
224
Suppose -k - 77 = -241. Suppose -k = -10*w - 14. What is the greatest common divisor of w and 60?
15
Let j(u) = 375*u + 2261. Let y be j(-6). Calculate the highest common divisor of 19437 and y.
11
Let p(u) = u**2 + 3*u - 12. Let i = -60 + 64. Suppose 15 = 3*m + 5*f, 6*m - 2*m = i*f + 20. Let s be p(m). What is the greatest common factor of 42 and s?
14
Let w be 4/18 + 32/18. Let t be ((-46)/(-14))/(14/98). Suppose 4*h - 49 = t. What is the highest common divisor of h and w?
2
Suppose 8*z - 11*z = -2*u + 50, 0 = z - 3*u + 12. Let m be (-9)/z - (-2 + (-1365)/6). What is the greatest common factor of 92 and m?
46
Suppose 2*f - 64 = 3*h, f + 0 = -1. Let l = h - -18. Let u be (200/(-12))/(-2) + l/12. What is the highest common divisor of u and 32?
8
Suppose 17284 = 2*n - 5*p, 130*p - 127*p - 17252 = -2*n. Calculate the greatest common factor of 104 and n.
104
Suppose 769*c - 171 = 712*c. Calculate the highest common factor of 755 and c.
1
Let n = -225 + 239. Suppose n*o - 236 = 1024. Calculate the highest common divisor of 50 and o.
10
Let l = 8730 + -7696. What is the greatest common factor of 376 and l?
94
Let a be (-473)/(-5) - 6/(-15). Let m = 2140 - 2135. What is the highest common divisor of m and a?
5
Suppose -1786*l + 1804*l = 720. What is the highest common divisor of l and 710?
10
Suppose 2*m = 3*u - 2106, 5210 = 5*u + 3*m + 1719. Calculate the greatest common factor of 300 and u.
100
Let h(y) = 10*y**3 + 489*y**2 - 49*y + 11. Let i be h(-49). Calculate the highest common factor of 5731 and i.
11
Suppose 4*y - 50688 = -10*f + 8*f, 3*y + 4*f - 38016 = 0. Suppose -y = 2*o - 18*o. Calculate the highest common divisor of o and 22.
22
Let k(u) = 30*u + 1248. Let f be k(9). Calculate the greatest common factor of f and 330.
66
Suppose -11*v + 18 = -213. Calculate the highest common factor of v and 264.
3
Suppose -544 = -3*q + 548. Suppose 53*y - 492 = -3242 - 2232. Let t = y + q. Calculate the greatest common divisor of 30 and t.
30
Let x = 2760 - 2530. What is the highest common divisor of 1955 and x?
115
Suppose -753 = -24*n - 129. Let c = 26 + n. What is the greatest common factor of 208 and c?
52
Let o = 496 + -558. Let s be (-2 + -2 - -3)*-97. Let j = o + s. What is the greatest common divisor of 35 and j?
35
Let q(j) = 16*j - 270. Let o be q(17). Let u be (4 - 10)*3/(-12)*o. Let g be -13*(-1 - 0) - -2. What is the greatest common divisor of u and g?
3
Let j be 5/15 - (-428)/(-6). Let h = j - -84. What is the greatest common divisor of h and 104?
13
Suppose -4*o + 2198 = 4*x - 3*o, x - 3*o - 543 = 0. Calculate the highest common divisor of 45 and x.
9
Suppose 0 = -6*v + 12507 - 693. Calculate the highest common factor of 11 and v.
11
Let o = -601 + 626. Suppose -3*y + 101 = 2*r, -2*r - 3*r + o = y. What is the highest common factor of 245 and y?
35
Suppose -754 = c - 5*z, -5*c + 4*z - 3048 = -c. Let k = 1612 + c. Calculate the highest common divisor of k and 16.
16
Let i be 4/30 - 2876*10/(-300). What is the highest common divisor of 104 and i?
8
Let q be (-6 + 55)/(-7) + 15. Let b be 16/(-20) + ((-296)/(-20) - 2). What is the highest common factor of q and b?
4
Suppose 3*t = -5*z + 3900, 5*t - 725 = -3*z + 5791. What is the highest common factor of 1885 and t?
145
Let o(t) = 506*t - 2934. Let l be o(9). Calculate the highest common divisor of 40 and l.
20
Let k be (-5)/((-30)/11058) + (-5)/(-10)*0. What is the greatest common factor of k and 291?
97
Let f(g) = 2*g**3 - 2*g**2 + 6*g - 13. Let k be f(3). What is the highest common divisor of 4469 and k?
41
Let w be 142/7 - (-6)/(-21). Let g = 913 + -910. Suppose 28 = 4*v + g*i, 5*i - 6 = -v + 4*i. Calculate the highest common factor of w and v.
10
Let c be 6/(-1)*(-9)/2. Let j = 334 + -319. Let g(i) = -4*i + 168. Let t be g(j). Calculate the greatest common factor of c and t.
27
Suppose -3*i + 13 = 7. Suppose i*l + 16 - 46 = 0. Let y = 11 + l. What is the greatest common factor of 182 and y?
26
Let l be (-18)/78 - (-23380)/26. What is the highest common factor of 31 and l?
31
Suppose -y + 4 = -3*g, -4*y + 5*g = -2*y - 9. Let x(i) = 6*i**3 - i**2 - 11 - 11 - 11 + 4*i + 31. Let b be x(1). What is the greatest common divisor of y and b?
7
Let h = 4359 + -4175. What is the highest common factor of h and 299?
23
Suppose -5*p + 0 = 3*j + 20, -3*p + 17 = -4*j. Let k be (35/j)/((-1)/2). Calculate the greatest common divisor of 63 and k.
7
Let k = 10745 - 10739. What is the highest common factor of k and 459?
3
Suppose 192*j - 1738 = 181*j. Calculate the greatest common factor of 1975 and j.
79
Suppose 10*l = l + 666. Suppose -14*a = -l - 850. Calculate the highest common divisor of 231 and a.
33
Let s be (22 + 140/(-14))*139/(-3). Let w = -535 - s. What is the highest common factor of 63 and w?
21
Suppose -4*o + 72 = -o. Let a be o/18*1*6. Let z be (-48)/9*(-7 - -4). What is the highest common divisor of z and a?
8
Suppose -361*h + 442550 = 9*h - 36*h. What is the greatest common divisor of 100 and h?
25
Let k(t) = -3*t**2 + 0 - 531*t - 3*t**3 + 1 - 3*t**2 + 535*t. Let a be k(-4). Let p be (27/6)/(-2*(-4)/16). Calculate the greatest common factor of p and a.
9
Let d be (-14 - -14)/(-1 - -3). Let v be 5*172/50*5. Suppose d = -l + v - 31. What is the highest common factor of l and 22?
11
Let s be 4810/455 + 8/(-14). Suppose 2 - 11 = -3*v, -4*v + s = -2*c. What is the greatest common divisor of c and 1?
1
Let x(y) = 79*y**2 - 3*y + 3. Let s be x(3). Suppose 24*d = 9*d + s. Let p = d + 294. Calculate the highest common divisor of 31 and p.
31
Let g be 164244/42 + (-3)/(-7). Suppose -g + 1157 = -9*f. What is the greatest common factor of 18 and f?
18
Let i(b) = 33*b**2 - 4*b + 2. Let u be i(2). Suppose -66*t + 4858 + 903 = 2197. Calculate the greatest common factor of u and t.
18
Let n = -2219 + 3263. What is the greatest common factor of 6 and n?
6
Suppose 4*b + 4305 = 5*q, -4*q + 3444 = 81*b - 79*b. What is the greatest common factor of q and 1107?
123
Suppose -279*l + 548*l = 275*l - 4554. What is the highest common factor of 92 and l?
23
Let l = -19 - -43. Suppose 69 = 4*y - 7*v + 6*v, 5*v + 73 = 4*y. Suppose 699 = y*k - 933. What is the highest common factor of l and k?
24
Suppose -2*q = -9*q - 14. Let r be 4642/132 + q/12. What is the greatest common divisor of r and 35?
35
Let j be (-6)/8*((2 - -1) + (-762960)/176). Calculate the highest common divisor of 1026 and j.
171
Let a = 601 - -3899. Suppose -7*p = -17*p + a. Let x = p + -233. What is the greatest common divisor of 31 and x?
31
Let q be 12/54 - (-2015)/(-117). Let s(p) = -40*p + 13. Let j be s(q). What is the highest common factor of 21 and j?
21
Let f be (-120)/270*(-9)/2. Let b be (-910)/(-770) - (0 - f/(-11)). What is the greatest common factor of b and 2?
1
Let u be 19/4*(-2 - -6). Suppose -4 = 32*o - 33*o. Suppose 2*j - 106 = 2*i, -5*i = -o*j + 60 + 148. Calculate the highest common divisor of j and u.
19
Suppose -18 = -10*q + 2. Suppose q*b - 50 = 3*h, -h - 99 = -2*b - 3*b. Let t(r) = 14*r - 8. Let n be t(6). What is the greatest common factor of b and n?
19
Let r = -134 - -228. Suppose 0 = t - r - 21. Let d be (-2)/(-8) + t/20. What is the greatest common factor of d and 66?
6
Let x = -143 + 124. Let r(m) = -m**2 - 22*m - 27. Let k be r(x). Calculate the greatest common factor of 50 and k.
10
Let c = 122 + -36. Let l = c - 40. Calculate the greatest common factor of l and 115.
23
Suppose 0*i - 5*h + 115 = 2*i, 4*h + 238 = 5*i. Suppose -6*n + 4*n - 2*u = -356, 2*u = 4*n - 694. What is the highest common factor of n and i?
25
Suppose -168*s - 20030 = -658598. What is the greatest common factor of 168 and s?
21
Let o be (45/12)/(35/56). Let x(c) = 3*c**3 - c + 1. Let u be x(1). Suppose -4*n - h = u*h, -n + 6 = -h. Calculate the greatest common fa